9 + 41. Suppose 0 = 2*h - 3*y - 4436, v*h - y - y = 8864. Is h composite?
True
Let q(m) be the first derivative of -108*m**2 - 121*m + 103. Is q(-4) prime?
True
Suppose -2*h - 5*f - 61 = 0, -h + 18 = 2*f + 47. Let q(w) = -159*w + 104. Is q(h) composite?
False
Let n(t) = -t**3 + 16*t**2 + 19*t - 29. Let h be n(17). Suppose 652 = i + h*a, 3*i + 4*a + 679 = 4*i. Is i a prime number?
False
Let s = -1546 + 7012. Suppose -s - 441 = -3*q + 4*c, 2*q - 3934 = 4*c. Is q composite?
False
Suppose 14*o = -63*o + 539. Let c(l) = 661*l - 300. Is c(o) a composite number?
False
Suppose 6*h = -19993 - 14141. Let m = h + 9276. Is m composite?
True
Let q = -2881 + 6054. Let d = q + 4580. Is d prime?
True
Let c(b) = -7*b**3 + 4*b**2 + 2*b - 13. Let x(n) = 13*n**3 - 6*n**2 - 3*n + 25. Let k(p) = 7*c(p) + 4*x(p). Let u = 13 - 5. Is k(u) composite?
True
Suppose 0 = 12*r + 4367 - 61679. Suppose r - 23754 = -6*y. Is y composite?
False
Suppose 0 = 5*i + 3*u - 13672636, 2*i - 3723080 = -5*u + 1745963. Is i a composite number?
True
Let b(r) = 507*r**2 + 13*r - 25. Let m be b(6). Suppose 105620 - m = 5*k. Is k composite?
True
Suppose -21*b + 2307508 + 58776001 = 40*b. Is b a composite number?
False
Let g(x) = 2*x**2 + 61*x + 423. Let u be g(-20). Let m(h) = -h**3 + 7*h**2 - 4*h - 5. Let r be m(6). Suppose r*d = -u*d + 43910. Is d a prime number?
True
Suppose 0 = a - 3*i + 24, 4*a + 175 = -3*i + 49. Let c = a - -32. Suppose -6*l + c*l = 4*y - 1476, -2*l - 1500 = -4*y. Is y composite?
False
Is ((-66)/99)/(6/(-1369107)) composite?
False
Suppose -137*b + 143*b - 18 = 0. Suppose -2*s - 3004 + 36813 = 3*t, 5*t - 56347 = -b*s. Is t a composite number?
True
Let j = 29060 - 9589. Is j a prime number?
True
Let w = -27108 - -43519. Is w a prime number?
True
Is (-5 + 20 - 4) + 474120/9 a prime number?
True
Let i(u) = 67801*u**2 - 50*u - 55. Is i(-2) a composite number?
True
Suppose -10*n + n + 63 = 0. Let i(s) = -2*s + 25. Let m be i(n). Let o = 22 + m. Is o a composite number?
True
Suppose 5*k = 18 - 3. Suppose -4*l = -k*s + 52961, s - 4*s - 2*l + 52931 = 0. Is s a prime number?
False
Let j = -44393 + 82084. Is j composite?
False
Let j(u) be the third derivative of 17*u**6/20 - u**5/20 - u**4/4 + 13*u**3/6 - u**2 - 36. Is j(4) composite?
False
Let p(z) = -z**3 - 16*z**2 + 131*z - 26. Let a be p(-22). Let s(j) = -j. Let r(g) = 37*g**2 - 13*g - 6. Let o(t) = r(t) - 4*s(t). Is o(a) prime?
False
Let f = -176366 - -283548. Is f a prime number?
False
Suppose -5*z + 2016 + 3619 = -4*a, -2*z = -a - 2254. Let o(c) = -386*c + 2. Let u be o(1). Let x = z + u. Is x a composite number?
False
Let f(z) = -5*z + z**2 - 2*z + 1381 - 1372 + 319*z**3. Is f(2) composite?
False
Suppose 27*k - 5675571 = -103*k + 55875659. Is k a prime number?
True
Let d(b) = 13*b**3 + b - 1. Let o be d(1). Suppose o = -y - 4*r, -2*r - 10 = 2*y + 2*y. Let v(i) = 784*i**2 + 1. Is v(y) prime?
False
Is ((-110)/(-22) - -156661) + 5 a composite number?
False
Let z(v) be the second derivative of -5*v**3/6 - 5*v**2/2 - 12*v. Let m be z(-1). Suppose 3*c + u - 2310 = m, -6*c + c = 2*u - 3851. Is c a prime number?
True
Let m(y) = -19*y**3 + 5*y**2 - 2*y. Let q be m(-5). Suppose n = -2*n + t + 7, -4*n + 5*t + 2 = 0. Suppose n*b - 13*b = -q. Is b a prime number?
True
Suppose -15*l = -27*l + 108. Let s(j) = 5*j**2 - j - 7. Is s(l) a prime number?
True
Suppose -13 = -9*l + 14. Suppose 3*w + 7641 = 3*f - 37938, -45581 = -l*f + 4*w. Is f a composite number?
True
Suppose -4*g + 5377 = -2623. Let m = 3271 - g. Is m a composite number?
True
Let a(h) = 33392*h**2 + 338*h + 679. Is a(-2) a composite number?
False
Suppose -c + 19787 = 5*x, 319 = 4*x + 331. Is c a composite number?
True
Let i(w) = 1116*w - 85. Let q be i(-7). Let l = -710 - q. Is l composite?
False
Let m(i) be the second derivative of i**5/20 + 9*i**4/4 + 23*i**3/6 + 5*i**2 + 106*i. Is m(-11) a composite number?
False
Let v(z) = 5 + 10*z**2 + 31*z - 2*z**2 - 7*z - 56*z**3 - 10*z**2. Is v(-7) prime?
True
Suppose 5*q - 6937098 = 15*q - 52*q. Is q a prime number?
False
Let y = 1671 - 15. Let w = 788 - y. Let t = 1653 - w. Is t prime?
True
Suppose 9*g - 23*g + 307496 = 0. Let l = g + -7265. Is l a prime number?
True
Let s = -3100 + 1706. Let j = s - -2587. Is j composite?
False
Let k(j) = j**3 + 31*j**2 - 31*j + 119. Let s be k(-25). Suppose -11*v + 13*v + 5*c - s = 0, 4628 = 2*v - 3*c. Is v prime?
False
Let x(s) = 17*s - 4. Let g be x(2). Let a = g - 50. Is 372 - 3*(-3 + a/(-6)) composite?
True
Suppose 0 = 24*t - 518560 - 210776. Is t composite?
False
Suppose 3*s + 1 - 10 = z, 0 = -3*z - 9. Suppose s*n - 32 - 267 = 5*o, 2*n - 317 = -o. Suppose -5*w + q + 384 = 0, -w - w = 3*q - n. Is w composite?
True
Suppose -20 = -67*g + 57*g. Suppose 0 = g*a - 2*p - 2710, -3*p - 1411 = -a - 60. Is a prime?
False
Let k(z) = 228*z**2 - 9*z + 8. Let b(c) = -227*c**2 + 8*c - 9. Let u(n) = -6*b(n) - 5*k(n). Is u(4) composite?
True
Suppose 106*r - 2480357 = 95*r. Is r composite?
True
Let w = 1161 + -106. Suppose -2*m + 633 = m + 3*c, 5*m + c - w = 0. Is m a composite number?
False
Suppose 0 = -29*d + 32*d - 15. Suppose 4*o - 3*f = 7895, 2*o - 5914 = -o - d*f. Is o a prime number?
True
Let t(n) = -n**2 + 2*n + 12. Let a be t(4). Is 9/(36/31927)*a composite?
True
Suppose 0*q + 5*q = 4*b - 1829, 2*b - 2*q = 912. Let r = 2073 - b. Let g = -715 + r. Is g a prime number?
True
Let k(y) = -96*y**3 + 81*y**2 + 625*y - 5. Is k(-8) a composite number?
False
Let a = -27 + 30. Suppose 6 = 5*t - 4*o, 0 = -4*t + t - a*o + 9. Is 1252 - (4 + -9 + t) a composite number?
True
Let t(h) = 0*h + 3*h**3 + h - 3 + 23*h**2 - 32*h**2. Let a be t(13). Suppose r = 9*r - a. Is r prime?
False
Let f = -272 - -277. Suppose -4*l = f*v - 1851, 0*l + 4*v + 489 = l. Is l prime?
False
Suppose -462*o + 454*o = -906616. Is o prime?
True
Suppose 3*z = 3, -51*w - z = -54*w + 62408. Is w a prime number?
False
Is 22587654/54 + -18 - (-20)/18 a composite number?
False
Let r(j) be the first derivative of 19 - j**4 + 11*j + 7/2*j**2 + 3*j**3. Is r(-6) prime?
False
Let h = 387584 + -56327. Is h prime?
False
Suppose -54 = -2*u - 7*u. Suppose 5*r - 133245 = 4*b, -5*r + b + 133290 = u*b. Is r composite?
True
Let m(w) = 15*w - 40637. Let i be m(0). Let b = -14502 - i. Is b composite?
True
Let y(k) = -192*k - 13. Suppose 5*a + 3*l + 200 = 0, -2*l + 120 = -2*a - a. Let m = a - -38. Is y(m) a prime number?
False
Suppose 4348235 = 73*o + 941205 - 5062941. Is o a composite number?
False
Suppose 4*q - 136201 = -4*d - 40149, 2*q = -5*d + 120083. Is d composite?
False
Suppose 3*s - 7*s + 160 = 0. Let u = s + -36. Suppose -2*h + 2154 = u*h. Is h a prime number?
True
Suppose -26*n + 9556734 = 40*n. Is n a composite number?
True
Let u be 0 - (-4 - (3 - 2887 - -2)). Let o = 5532 + u. Is o composite?
True
Let t be ((-5)/3)/(36/(-1404)). Suppose -3986 = t*j - 67*j. Is j a prime number?
True
Is ((-51)/(-102))/(1/49498) prime?
True
Let a(n) = -61*n**2 + 8*n + 18. Let w be a(-3). Is 3*(-2)/(18/w) prime?
False
Let u = -776 + 1169. Suppose -42*c + 7461 = -u. Is c prime?
False
Let z = -241 + 234. Let g(i) = 42*i**2 - 2*i - 41. Is g(z) a prime number?
False
Suppose 0 = -b - 4, 4*v + b + 8 = 2*v. Let h(l) = -8870*l + 43. Is h(v) a composite number?
False
Is ((-1077564)/(-8)*(-44)/(-66))/(3/21) a prime number?
False
Is 309993/(-6 - (-45)/5) composite?
True
Suppose 3*y - 5*r + 1171 = -556, 0 = -4*y + r - 2297. Let m = y + 2333. Is m prime?
True
Let s = 1718 + 1059. Is s prime?
True
Let l(w) = 6*w + 8. Let g be l(-1). Is (-1759)/(1/(g/(-6)*3)) a prime number?
True
Let i(q) be the second derivative of 9*q**5/2 + q**3/3 - q**2/2 + 1733*q. Suppose 5*k - 1 = 4. Is i(k) composite?
True
Let t(x) = -2*x**2 + 2*x**2 + 22*x**3 - 8*x - 5 + 12*x. Is t(2) a composite number?
False
Suppose -88 = -12*t - 64. Suppose -k + 20655 = 4*m - 22024, 2*m - t*k - 21352 = 0. Is m prime?
False
Let u = -151 - -216. Let a = 281 - 325. Let q = a + u. Is q a prime number?
False
Let g = 25 + -16. Let s be 14/3 + (-6)/g. Is ((-2)/s)/(1 + (-21861)/21854) prime?
False
Let f(l) = -294528*l - 673. Is f(-2) a prime number?
True
Suppose -2*j - 6 = -j + l, 3*j + 26 = -5*l. Let f(c) = -4629*c - 31. Is f(j) a prime number?
True
Suppose -d + j + 3959 = 327, 2*d - j = 7269. Suppose 2*x - d = -t - 860, 4*x = 3*t -